 = -2728*x - 275639. What is o(-101)?
-111
Let u(h) = 5*h**3 + 2859*h**2 - 603*h - 17738. What is u(-572)?
-6
Let q(j) = -10*j**2 - 4284*j - 139161. Determine q(-393).
-39
Let u(f) = 556*f + 92710. What is u(-167)?
-142
Let n(w) = 272800*w - 4637594. Give n(17).
6
Let k(f) = 843*f + 189683. Determine k(-225).
8
Let o(w) = -3*w**3 + 14*w**2 + 6950*w - 48307. Give o(7).
0
Let x(i) = -582*i**3 - 4*i**2 + 347*i + 349. Calculate x(-1).
580
Let l(i) = 17*i**3 - 2654*i**2 + 7798*i + 28. Give l(3).
-5
Let l(y) = -3839*y - 310992. Calculate l(-81).
-33
Let t(m) = 55045*m - 495438. Give t(9).
-33
Let z(s) = -169*s - 945. Calculate z(-4).
-269
Let q(u) = -2035*u - 1963. What is q(-1)?
72
Let b(y) = -88*y + 14436. Give b(164).
4
Let w(s) = -8*s**3 - 90*s**2 - 17*s - 164. Calculate w(-11).
-219
Let f(v) = -41115*v - 82940. What is f(-2)?
-710
Let q(w) = 3*w**2 - 403*w + 8194. What is q(117)?
2110
Let y(g) = -148*g + 10154. Determine y(69).
-58
Let x(f) = 2*f**3 - 167*f**2 + 3327*f + 146. Determine x(33).
-52
Let j(d) = -86194*d - 172391. Give j(-2).
-3
Let t(r) = -r**2 - 131*r - 3418. Give t(-60).
842
Let v(x) = -11*x**3 - 132*x**2 - 36*x - 195. Give v(-11).
-1130
Let f(d) = -101*d + 73927. Determine f(732).
-5
Let a(h) = -15*h**3 - 377*h**2 - 50*h - 23. Determine a(-25).
-23
Let w(l) = 2690*l + 2485552. Give w(-924).
-8
Let w(s) = -s**3 + 37*s**2 + 201*s - 4745. What is w(39)?
52
Let o(p) = 31*p**2 - 261*p + 518. What is o(2)?
120
Let v(j) = 26224*j + 131851. Give v(-5).
731
Let t(o) = 2555*o + 904500. Determine t(-354).
30
Let r(o) = 2034*o - 5012. Calculate r(3).
1090
Let w(b) = 9627*b - 2916972. What is w(303)?
9
Let z(i) = 3*i**2 + 19*i - 1076. Give z(15).
-116
Let s(m) = -3*m**3 - 78*m**2 - 130*m - 151. Determine s(-24).
-487
Let m(k) = k**2 - 537*k + 24820. Calculate m(51).
34
Let i(g) = 23*g**2 - 24*g - 388. Give i(12).
2636
Let z(b) = 56213*b - 56207. Calculate z(1).
6
Let i(c) = -c**2 + 483*c - 8762. What is i(19)?
54
Let k(x) = 2*x**2 - 439*x - 896. Give k(222).
214
Let g(v) = v**3 - 29*v**2 - 136*v - 295. Give g(33).
-427
Let m(y) = 2351*y + 96424. What is m(-41)?
33
Let g(j) = 4*j**3 - 2722*j**2 - 1224*j - 93957. What is g(681)?
21
Let f(o) = -3*o**3 - 163*o**2 - 763*o + 93. Calculate f(-5).
208
Let w(m) = 5*m**3 + 69*m**2 - 96*m - 175. Calculate w(-15).
-85
Let o(m) = m**2 - 5222*m - 1379456. Give o(-252).
-8
Let m(w) = w**2 - 223*w - 17721. What is m(285)?
-51
Let l(k) = 115*k**2 - 2583*k + 8. Give l(22).
-1158
Let s(v) = 1338*v**2 + 24088*v + 53. Give s(-18).
-19
Let k(x) = -x**2 + 16696*x - 2514695. Determine k(152).
-7
Let u(i) = 38*i**3 + 2504*i**2 - 325*i - 4099. Give u(-66).
-73
Let l(q) = -q**3 + 12*q**2 + 171*q - 250. What is l(20)?
-30
Let p(w) = -31*w**2 - 2593*w + 7758. Calculate p(3).
-300
Let f(i) = i**3 - 44*i**2 + 453*i - 53. Give f(16).
27
Let y(t) = 7*t**3 + 72*t**2 - 19*t + 20. What is y(-11)?
-376
Let n(v) = -26928*v + 403908. Determine n(15).
-12
Let r(o) = 2831*o + 608906. Determine r(-215).
241
Let l(s) = -12131*s - 57578. Determine l(-5).
3077
Let k(i) = -i**3 - 8*i**2 + 1546*i - 6066. Give k(4).
-74
Let i(k) = -771*k**3 + k**2 + 50*k - 47. What is i(1)?
-767
Let n(a) = 25*a**2 - 906*a + 1057. Determine n(35).
-28
Let n(s) = 3*s**2 - 213*s + 3726. Calculate n(41).
36
Let z(q) = -12172*q - 5696502. What is z(-468)?
-6
Let q(i) = -103*i**2 - 6698*i + 22. Determine q(-65).
217
Let w(j) = -2*j**2 + 107*j - 425. What is w(53)?
-372
Let q(m) = -862*m**2 + 6060*m - 11. What is q(7)?
171
Let f(w) = -330*w + 32568. Calculate f(95).
1218
Let t(o) = 1608*o - 414781. Determine t(258).
83
Let q(s) = -s**2 - 5520*s - 338397. Determine q(-62).
-1
Let t(u) = u**2 + 564*u + 8187. Determine t(-15).
-48
Let a(z) = 6*z**3 + 12*z**2 + 5*z + 3. Determine a(3).
288
Let z(x) = -3*x**2 + 297*x + 354931. Give z(397).
13
Let a(w) = -w**3 - 43*w**2 - 215*w + 140. Determine a(-37).
-119
Let z(n) = 497*n**2 + 28338*n + 83. Determine z(-57).
-430
Let z(r) = 2*r**2 + 11461*r + 680399. Calculate z(-60).
-61
Let j(t) = t**2 + 236037*t - 944178. Give j(4).
-14
Let q(m) = -163560*m + 1635594. Give q(10).
-6
Let o(g) = g**3 + 18*g**2 + 91*g + 105. Calculate o(-9).
15
Let p(u) = -35530*u + 12009145. Determine p(338).
5
Let p(d) = -108*d + 13765. What is p(131)?
-383
Let c(j) = -11658*j - 69910. What is c(-6)?
38
Let o(i) = 1219*i - 26655. Calculate o(22).
163
Let q(x) = -x**3 - 11*x**2 + 244*x + 733. Determine q(-21).
19
Let r(p) = -p**3 - 248*p**2 - 746*p - 2745. Calculate r(-245).
-50
Let t(a) = a**3 + 189*a**2 + 775*a + 4045. Determine t(-185).
-2430
Let z(q) = -q**3 + 1652*q**2 - 1617*q - 56128. What is z(1651)?
6
Let n(j) = 11*j**2 - 310*j + 3860. Calculate n(12).
1724
Let c(b) = 636*b + 741. Calculate c(-1).
105
Let k(m) = 158607*m - 2061861. Give k(13).
30
Let i(a) = 112*a - 1084. Calculate i(8).
-188
Let x(n) = -n**2 + 122*n + 1635. Determine x(142).
-1205
Let s(c) = -7*c**3 - 12*c**2 - 2*c - 27. Calculate s(-2).
-15
Let b(h) = 3*h**3 - 194*h**2 - 72*h + 398. What is b(65)?
-57
Let x(i) = 48324*i - 10679599. Give x(221).
5
Let r(b) = 164363*b - 164362. What is r(1)?
1
Let d(z) = z**3 + 42*z**2 + 85*z - 1262. Determine d(-39).
-14
Let j(w) = 194435*w + 11666104. Give j(-60).
4
Let d(k) = 27*k**2 - 242*k + 167. Calculate d(8).
-41
Let o(q) = -2*q**2 - 4912*q + 54157. What is o(11)?
-117
Let t(b) = b**3 - 284*b**2 + 8917*b + 2763. Determine t(248).
35
Let k(m) = 3129*m + 21858. Determine k(-7).
-45
Let o(b) = -2*b**3 - b**2 + 7940*b + 31773. What is o(-4)?
125
Let p(g) = -4913*g - 78601. Determine p(-16).
7
Let g(y) = -82*y**2 - 1090*y - 315. Give g(-13).
-3
Let i(m) = -1047*m**2 + 11663*m - 1612. What is i(11)?
-6
Let x(g) = -g**2 - 6*g + 3727. Determine x(60).
-233
Let n(i) = 8*i**2 - 383*i + 390. What is n(1)?
15
Let x(u) = 2*u**2 + 149*u + 1137. Give x(-6).
315
Let x(z) = -6*z**2 - 205*z + 860. What is x(-37)?
231
Let j(q) = -100426*q + 5925158. Determine j(59).
24
Let z(m) = 223154*m - 1115848. Calculate z(5).
-78
Let p(y) = -5*y**2 - 65*y + 59. Give p(17).
-2491
Let k(n) = 8540*n - 222050. Determine k(26).
-10
Let v(n) = -3*n**3 + 43*n**2 + 118*n + 22. Give v(-3).
136
Let j(z) = z**2 + 1544*z + 21978. What is j(-14)?
558
Let g(j) = 1026*j + 26695. Give g(-26).
19
Let w(i) = i**3 + 11*i**2 + 2277*i + 6753. Calculate w(-3).
-6
Let u(m) = 573*m + 2544. What is u(-6)?
-894
Let o(f) = -f**3 - 313*f**2 + 21096*f + 2174. Determine o(-370).
-46
Let x(b) = -b**3 - 16*b**2 + 95*b - 784. Give x(-22).
30
Let p(w) = 302995*w - 9089857. What is p(30)?
-7
Let u(d) = 44*d + 4410. Give u(-70).
1330
Let o(h) = -30*h**2 - 19514*h - 9096. What is o(-650)?
4
Let y(j) = -4*j**3 - 684*j**2 + 3*j + 504. Calculate y(-171).
-9
Let l(b) = 1546*b + 1071876. What is l(-693)?
498
Let z(w) = -w**2 - 3257*w - 90263. Calculate z(-28).
149
Let v(c) = -106*c + 4741. What is v(55)?
-1089
Let q(o) = 21*o**2 + 45*o + 540. Determine q(-9).
1836
Let m(s) = 1492*s**2 + 7469*s + 16. Calculate m(-5).
-29
Let z(v) = -105*v - 3294. Determine z(-31).
-39
Let k(p) = -p**2 - 1012*p + 2057380. What is k(1015)?
-25
Let q(a) = 311*a**2 - 69*a - 69. Calculate q(-1).
311
Let k(b) = -18904*b - 604779. Calculate k(-32).
149
Let c(o) = o**2 + 2988*o + 17909. What is c(-6)?
17
Let f(d) = -4*d**2 + 1134*d - 29011. What is f(28)?
-395
Let g(u) = -3*u**2 + 360*u - 7794. Give g(92).
-66
Let q(g) = -g**3 - 1017*g**2 + 4181*g - 382. Determine q(4).
6
Let c(o) = 2*o**3 - 519*o**2 + 769*o + 1295. Determine c(258).
5
Let m(p) = 788*p**2 + 28*p - 23. Calculate m(1).
793
Let z(w) = -62*w - 4436. What is z(-69)?
-158
Let p(h) = -h**2 - 1806*h - 91328. Calculate p(-52).
-120
Let s(h) = 136*h - 417. Give s(-17).
-2729
Let k(z) = 2859*z + 19829. Calculate k(-7).
-184
Let f(u) = -u**3 + 387*u**2 + 448*u - 23126. Determine f(388).
154
Let q(u) = -3606*u + 1052940. Calculate q(292).
-12
Let m(q) = 2624*q - 17293. Give m(7).
1075
Let n(v) = 3804*v + 3793. Calculate n(-1).
-11
Let w(l) = l**2 - 2159*l + 1076827. What is w(782)?
13
Let h(k) = -6*k**3 + 174*k**2 - 200*k + 950. Determine h(28).
54
Let n(i) = i**2 + 122*i + 132. What is n(-121)?
11
Let z(v) = -3*v**2 + 690*v - 5963. Determine z(221).
4
Let p(d) = 113992*d - 797947. Determine p(7).
-3
Let m(q) = -1938*q - 153385. Calculate m(-79).
-283
Let d(j) = -j**3 -